est common factor of 333110125 and 1655.
1655
Calculate the greatest common divisor of 3151185 and 2355495.
6315
Calculate the highest common divisor of 1767 and 1662.
3
What is the highest common divisor of 209 and 90170960?
209
Calculate the highest common divisor of 275 and 95544575.
25
Calculate the greatest common factor of 420 and 2310060.
60
Calculate the highest common factor of 17178414 and 4191.
33
Calculate the greatest common factor of 132515 and 1735.
5
What is the greatest common factor of 34220 and 8499320?
580
Calculate the highest common divisor of 163155 and 4789605.
2235
Calculate the highest common factor of 449 and 26931469.
449
Calculate the greatest common factor of 1391694966 and 8618.
8618
Calculate the highest common divisor of 133335 and 144576.
9
What is the greatest common divisor of 774506828 and 18608?
4652
What is the greatest common divisor of 66892 and 40852?
28
Calculate the greatest common divisor of 3337212 and 16554.
186
What is the highest common factor of 2668192 and 288?
32
What is the greatest common factor of 5656 and 411712966?
1414
What is the greatest common factor of 92900224 and 18986?
1726
Calculate the greatest common factor of 11403 and 799839.
1629
Calculate the greatest common divisor of 111 and 809020281.
111
What is the highest common factor of 92 and 30641566?
46
Calculate the greatest common divisor of 1804187 and 22.
11
Calculate the highest common factor of 412 and 14228.
4
What is the greatest common divisor of 14710428 and 36?
36
What is the highest common factor of 227380846 and 154?
154
What is the highest common factor of 11491964 and 196?
4
What is the greatest common factor of 10725 and 707049200?
3575
Calculate the greatest common divisor of 120750 and 9082470.
690
What is the highest common factor of 1964 and 92640407?
491
Calculate the highest common factor of 210 and 537302094.
42
Calculate the greatest common factor of 878 and 199156740.
878
Calculate the highest common factor of 948 and 341440212.
948
Calculate the greatest common factor of 3144474 and 16362.
54
What is the highest common divisor of 912 and 240083696?
304
Calculate the greatest common divisor of 72306240 and 2880.
960
Calculate the highest common divisor of 1557 and 1245609.
9
Calculate the greatest common factor of 6948 and 4104.
36
Calculate the greatest common factor of 35411897 and 1096.
137
What is the highest common factor of 120936446 and 3874?
298
Calculate the greatest common factor of 6322238 and 10439.
949
What is the highest common factor of 14140183 and 3033?
337
What is the greatest common divisor of 19306701 and 27?
27
What is the greatest common factor of 68227713 and 387?
387
What is the highest common factor of 58116326 and 38?
38
What is the greatest common divisor of 90220932 and 135?
27
Calculate the greatest common divisor of 49179 and 13968.
291
What is the greatest common divisor of 243 and 39829410?
9
What is the highest common divisor of 100 and 205425?
25
What is the greatest common factor of 44663722 and 22?
2
Calculate the highest common divisor of 729 and 67983705.
81
What is the highest common factor of 122669 and 426329?
241
Calculate the greatest common factor of 5267 and 815698.
229
What is the greatest common factor of 1826 and 105999300?
1826
What is the highest common divisor of 3180 and 1181847?
159
Calculate the highest common factor of 3605771658 and 317.
317
Calculate the highest common divisor of 92 and 9286526.
46
What is the highest common factor of 14612 and 42020459?
3653
Calculate the highest common divisor of 1381323 and 6.
3
Calculate the highest common factor of 899 and 259005.
31
Calculate the greatest common divisor of 2353 and 177281.
13
What is the greatest common factor of 61893768 and 192?
24
What is the highest common factor of 58284 and 144?
36
What is the greatest common factor of 4850 and 435150?
50
Calculate the highest common factor of 663128 and 18432.
8
Calculate the greatest common divisor of 2802 and 604964409.
1401
What is the greatest common factor of 6833444 and 116?
116
Calculate the greatest common divisor of 7114515 and 7965.
885
What is the highest common divisor of 3 and 513237?
3
What is the greatest common divisor of 18109597 and 8756?
2189
Calculate the highest common divisor of 62069694 and 171.
57
Calculate the greatest common factor of 4091706 and 1908.
954
Calculate the greatest common factor of 913 and 8846223.
83
Calculate the greatest common factor of 6301686 and 48.
6
What is the greatest common divisor of 14616 and 809256?
168
What is the highest common factor of 13583192 and 4410?
98
Calculate the greatest common divisor of 741631 and 132.
11
Calculate the greatest common factor of 33750 and 55395.
45
What is the greatest common factor of 51568 and 1425776?
176
What is the highest common factor of 580 and 93320?
20
What is the greatest common factor of 1230842 and 74?
74
What is the greatest common divisor of 14098 and 176282?
38
Calculate the greatest common factor of 6340560 and 10021.
911
What is the greatest common factor of 19531699 and 33?
11
What is the highest common factor of 2729603 and 206?
103
Calculate the highest common divisor of 1203072 and 216632.
104
Calculate the highest common factor of 1027 and 801929.
79
What is the highest common divisor of 501544 and 49984?
568
Calculate the greatest common divisor of 1161 and 75721581.
1161
What is the greatest common divisor of 11936 and 5408?
32
What is the highest common factor of 66539 and 2092057?
253
What is the highest common factor of 221445769 and 80359?
4727
Calculate the greatest common factor of 14 and 78316294.
14
What is the greatest common divisor of 96801352 and 95?
19
What is the highest common divisor of 14881891 and 93?
31
Calculate the greatest common factor of 466996 and 120852.
1492
What is the greatest common divisor of 17803970 and 48910?
730
Calculate the greatest common factor of 29949 and 88953.
447
Calculate the greatest common divisor of 2890891 and 13289.
97
Calculate the greatest common divisor of 8606106 and 1032.
258
Calculate the greatest common factor of 6075 and 1735263.
243
Calculate the highest common divisor of 12899859 and 497.
7
What is the highest common factor of 5479225 and 325?
25
Calculate the highest common factor of 27494220 and 40.
20
Calculate the greatest common divisor of 107481 and 18359.
11
What is the highest common factor of 95 and 1364555?
5
What is the greatest common divisor of 6641386 and 17840?
446
What is the highest common divisor of 7312404 and 11532?
372
Calculate the greatest common factor of 16757 and 14492227.
1289
Calculate the highest common divisor of 222 and 212523264.
222
Calculate the greatest common divisor of 30 and 116975.
5
What is the highest common factor of 11955 and 45165?
15
Calculate the highest common factor of 5818655 and 3933.
437
What is the greatest common divisor of 145975716 and 1704?
852
Calculate the highest common factor of 46925 and 13225.
25
What is the greatest common factor of 16980810 and 189?
21
What is the greatest common divisor of 14942 and 1696754?
62
What is the highest common factor of 80105326 and 2618?
238
Calculate the greatest common divisor of 49024305 and 7425.
1485
Calculate the greatest common divisor of 2 and 225141806.
2
Calculate the greatest common divisor of 574 and 16986054.
82
What is the greatest common factor of 529 and 14567372?
23
What is the highest common divisor of 30259934 and 406?
58
What is the highest common factor of 621363928 and 586?
586
What is the highest common divisor of 63 and 1405557?
9
What is the highest common divisor of 86040 and 52864410?
7170
What is the greatest common divisor of 8 and 26468188?
4
What is the highest common factor of 11504 and 641848424?
5752
What is the highest common divisor of 3500 and 76616820?
140
What is the greatest common factor of 18 and 611685684?
18
What is the greatest common divisor of 20426 and 69076?
14
Calculate the highest common divisor of 23391 and 1759707.
207
Calculate the greatest common factor of 120 and 4134324.
12
What is the highest common factor of 29293298 and 6710?
122
Calculate the greatest common divisor of 38 and 2284826.
38
What is the greatest common factor of 18